{"id":511,"date":"2017-12-29T12:29:46","date_gmt":"2017-12-29T12:29:46","guid":{"rendered":"http:\/\/centroheladero.es\/?page_id=511"},"modified":"2023-12-20T18:24:13","modified_gmt":"2023-12-20T18:24:13","slug":"home-2","status":"publish","type":"page","link":"https:\/\/centroheladero.es\/","title":{"rendered":"P\u00e1gina Principal"},"content":{"rendered":"<p>[vc_row hide_bg_image_on_tablet=&#8221;&#8221; hide_bg_image_on_mobile=&#8221;&#8221; shape_divider_top_front=&#8221;&#8221; shape_divider_bottom_front=&#8221;&#8221; row_delimiter=&#8221;&#8221; hide_on_desktop=&#8221;&#8221; hide_on_notebook=&#8221;&#8221; hide_on_tablet=&#8221;&#8221; hide_on_mobile=&#8221;&#8221; hide_on_frontpage=&#8221;&#8221;][vc_column icons_position=&#8221;left&#8221;][rev_slider_vc alias=&#8221;slider-2-1&#8243;][\/vc_column][\/vc_row][vc_row full_width=&#8221;stretch_row_content_no_spaces&#8221; content_placement=&#8221;middle&#8221;][vc_column width=&#8221;1\/2&#8243; icons_position=&#8221;left&#8221; css=&#8221;.vc_custom_1643624824232{background-color: #edd0d0 !important;}&#8221;][vc_custom_heading text=&#8221;Novedades&#8221; font_container=&#8221;tag:h4|font_size:50|text_align:center&#8221; google_fonts=&#8221;font_family:Marko%20One%3Aregular|font_style:400%20regular%3A400%3Anormal&#8221; css_animation=&#8221;fadeInUp&#8221; link=&#8221;url:http%3A%2F%2Fcentroheladero.es%2F%3Fpage_id%3D1826|title:Home%20(Boxed)&#8221;][\/vc_column][vc_column width=&#8221;1\/2&#8243; icons_position=&#8221;left&#8221;][vc_custom_heading text=&#8221;Recetas&#8221; font_container=&#8221;tag:h4|font_size:50|text_align:center&#8221; google_fonts=&#8221;font_family:Marko%20One%3Aregular|font_style:400%20regular%3A400%3Anormal&#8221; css_animation=&#8221;fadeInRight&#8221; link=&#8221;url:http%3A%2F%2Fcentroheladero.es%2F%3Fpage_id%3D1586|title:Home%20(Boxed)&#8221; css=&#8221;.vc_custom_1703094814884{background-color: #ffffff !important;}&#8221;][\/vc_column][\/vc_row][vc_row full_width=&#8221;stretch_row&#8221; hide_bg_image_on_tablet=&#8221;&#8221; hide_bg_image_on_mobile=&#8221;&#8221; css=&#8221;.vc_custom_1527241160033{padding-bottom: 1.3vw !important;background-color: #efeeea !important;}&#8221;][vc_column icons_position=&#8221;left&#8221;][vc_empty_space height=&#8221;5.8vw&#8221; alter_height=&#8221;none&#8221; hide_on_desktop=&#8221;&#8221; hide_on_notebook=&#8221;&#8221; hide_on_tablet=&#8221;&#8221; hide_on_mobile=&#8221;&#8221;]<div id=\"sc_title_1118281527\"\n\t\tclass=\"sc_title color_style_default sc_title_default  vc_custom_1643705263598\"><h2 class=\"sc_item_title sc_title_title sc_align_center sc_item_title_style_default\">Comprometidos con la calidad<\/h2><h6 class=\"sc_item_subtitle sc_title_subtitle sc_align_center sc_item_title_style_default\">Experiencia, calidad, servicio y compromiso con nuestros clientes<\/h6><div class=\"sc_item_descr sc_title_descr sc_align_center\"><p>Con m\u00e1s de 28 a\u00f1os de experiencia en el sector, Centro Heladero se ha consolidado como una de las m\u00e1s importantes distribuidoras de productos de helader\u00eda, pasteler\u00eda y confiter\u00eda de la m\u00e1s alta calidad, as\u00ed como todo tipo de maquinaria y utensilios necesarios.<\/p>\n<\/div><\/div><!-- \/.sc_title --><div class=\"sc_item_button sc_button_wrap sc_align_center\"><a href=\"https:\/\/centroheladero.es\/?page_id=90\" id=\"sc_button_615151498\" class=\"sc_button color_style_default sc_button_default sc_button_size_normal sc_button_icon_left\"><span class=\"sc_button_text sc_align_center\"><span class=\"sc_button_title\">M\u00c1S INFORMACI\u00d3N<\/span><\/span><!-- \/.sc_button_text --><\/a><!-- \/.sc_button --><\/div><!-- \/.sc_item_button -->[\/vc_column][\/vc_row][vc_row full_width=&#8221;stretch_row&#8221; hide_bg_image_on_tablet=&#8221;&#8221; hide_bg_image_on_mobile=&#8221;&#8221; css=&#8221;.vc_custom_1528813149528{margin-top: -1px !important;background-image: url(https:\/\/centroheladero.es\/wp-content\/uploads\/2018\/05\/bg-bend.png?id=664) !important;background-position: bottom center !important;background-repeat: no-repeat !important;}&#8221;][vc_column hide_bg_image_on_tablet=&#8221;&#8221; hide_bg_image_on_mobile=&#8221;&#8221; icons_position=&#8221;left&#8221; css=&#8221;.vc_custom_1524663957365{background-size: cover !important;}&#8221;][vc_empty_space height=&#8221;7.5vw&#8221; alter_height=&#8221;none&#8221; hide_on_desktop=&#8221;&#8221; hide_on_notebook=&#8221;&#8221; hide_on_tablet=&#8221;&#8221; hide_on_mobile=&#8221;&#8221;][\/vc_column][\/vc_row][vc_row css=&#8221;.vc_custom_1643645993097{margin-bottom: 30px !important;}&#8221;][vc_column icons_position=&#8221;left&#8221;][vc_empty_space height=&#8221;5.8vw&#8221; alter_height=&#8221;none&#8221; hide_on_desktop=&#8221;&#8221; hide_on_notebook=&#8221;&#8221; hide_on_tablet=&#8221;&#8221; hide_on_mobile=&#8221;&#8221;][vc_single_image image=&#8221;1561&#8243; img_size=&#8221;medium&#8221; alignment=&#8221;center&#8221;][vc_row_inner][vc_column_inner width=&#8221;1\/12&#8243; icons_position=&#8221;left&#8221;][\/vc_column_inner][vc_column_inner width=&#8221;5\/6&#8243; icons_position=&#8221;left&#8221;]<div id=\"sc_title_1895134098\"\n\t\tclass=\"sc_title color_style_default sc_title_default  vc_custom_1701678803782\"><h2 class=\"sc_item_title sc_title_title sc_align_center sc_item_title_style_default\">ESCUELA DE HELADER\u00cdA<\/h2><\/div><!-- \/.sc_title -->[vc_single_image image=&#8221;2389&#8243; img_size=&#8221;1057&#215;414&#8243; alignment=&#8221;center&#8221; style=&#8221;vc_box_outline&#8221; css_animation=&#8221;fadeIn&#8221;]<div id=\"sc_icons_10422628\" \n\tclass=\"sc_icons sc_icons_default sc_icons_size_medium sc_align_center  vc_custom_1699265660131\"><div class=\"sc_icons_columns_wrap sc_item_columns trx_addons_columns_wrap columns_padding_bottom\"><div class=\"trx_addons_column-1_4\"><div class=\"sc_icons_item\"><div id=\"sc_icons_10422628_icon-keyboard\" class=\"sc_icons_icon sc_icon_type_ icon-keyboard\"\n\t\t\t\t\t\t style=\"color: #f2682a\"\t\t\t\t\t\t><span class=\"sc_icon_type_ icon-keyboard\" style=\"color: #f2682a\"><\/span><\/div><h4 class=\"sc_icons_item_title\"><span>\u00daLTIMA TECNOLOG\u00cdA<\/span><\/h4><\/div><\/div><div class=\"trx_addons_column-1_4\"><div class=\"sc_icons_item\"><div id=\"sc_icons_10422628_icon-users\" class=\"sc_icons_icon sc_icon_type_ icon-users\"\n\t\t\t\t\t\t style=\"color: #f2682a\"\t\t\t\t\t\t><span class=\"sc_icon_type_ icon-users\" style=\"color: #f2682a\"><\/span><\/div><h4 class=\"sc_icons_item_title\"><span>M\u00c9TODO ONE-TO-ONE<\/span><\/h4><\/div><\/div><div class=\"trx_addons_column-1_4\"><div class=\"sc_icons_item\"><div id=\"sc_icons_10422628_icon-star\" class=\"sc_icons_icon sc_icon_type_ icon-star\"\n\t\t\t\t\t\t style=\"color: #f2682a\"\t\t\t\t\t\t><span class=\"sc_icon_type_ icon-star\" style=\"color: #f2682a\"><\/span><\/div><h4 class=\"sc_icons_item_title\"><span>MATERIAS PRIMAS<\/span><\/h4><\/div><\/div><div class=\"trx_addons_column-1_4\"><div class=\"sc_icons_item\"><div id=\"sc_icons_10422628_icon-heart-light\" class=\"sc_icons_icon sc_icon_type_ icon-heart-light\"\n\t\t\t\t\t\t style=\"color: #f2682a\"\t\t\t\t\t\t><span class=\"sc_icon_type_ icon-heart-light\" style=\"color: #f2682a\"><\/span><\/div><h4 class=\"sc_icons_item_title\"><span>EXPERIENCIA EN EL SECTOR<\/span><\/h4><\/div><\/div><\/div><\/div><!-- \/.sc_icons -->[\/vc_column_inner][vc_column_inner width=&#8221;1\/12&#8243; icons_position=&#8221;left&#8221;][\/vc_column_inner][\/vc_row_inner][vc_empty_space height=&#8221;5.8vw&#8221; alter_height=&#8221;none&#8221; hide_on_desktop=&#8221;&#8221; hide_on_notebook=&#8221;&#8221; hide_on_tablet=&#8221;&#8221; hide_on_mobile=&#8221;&#8221;]<div class=\"sc_item_button sc_button_wrap sc_align_center\"><a href=\"https:\/\/centroheladero.es\/?page_id=1718\" id=\"sc_button_2099518731\" class=\"sc_button color_style_default sc_button_default sc_button_size_normal sc_button_icon_left\"><span class=\"sc_button_text sc_align_center\"><span class=\"sc_button_title\">M\u00c1S INFORMACI\u00d3N<\/span><\/span><!-- \/.sc_button_text --><\/a><!-- \/.sc_button --><\/div><!-- \/.sc_item_button -->[\/vc_column][\/vc_row][vc_row full_width=&#8221;stretch_row&#8221; hide_bg_image_on_tablet=&#8221;&#8221; hide_bg_image_on_mobile=&#8221;&#8221; css=&#8221;.vc_custom_1528813165584{margin-bottom: -1px !important;background-image: url(https:\/\/centroheladero.es\/wp-content\/uploads\/2018\/04\/bg-footer.png?id=558) !important;background-position: top center !important;background-repeat: no-repeat !important;}&#8221;][vc_column hide_bg_image_on_tablet=&#8221;&#8221; hide_bg_image_on_mobile=&#8221;&#8221; icons_position=&#8221;left&#8221; css=&#8221;.vc_custom_1524663957365{background-size: cover !important;}&#8221;][vc_empty_space height=&#8221;7.5vw&#8221; alter_height=&#8221;none&#8221; hide_on_desktop=&#8221;&#8221; hide_on_notebook=&#8221;&#8221; hide_on_tablet=&#8221;&#8221; hide_on_mobile=&#8221;&#8221;][\/vc_column][\/vc_row][vc_row full_width=&#8221;stretch_row&#8221; hide_bg_image_on_tablet=&#8221;&#8221; hide_bg_image_on_mobile=&#8221;&#8221; css=&#8221;.vc_custom_1701685113916{background-image: url(https:\/\/centroheladero.es\/wp-content\/uploads\/2023\/12\/IMG_4491-scaled.jpg?id=2448) !important;background-position: center !important;background-repeat: no-repeat !important;background-size: cover !important;}&#8221;][vc_column icons_position=&#8221;left&#8221;][vc_empty_space height=&#8221;10.8vw&#8221; alter_height=&#8221;none&#8221; hide_on_desktop=&#8221;&#8221; hide_on_notebook=&#8221;&#8221; hide_on_tablet=&#8221;&#8221; hide_on_mobile=&#8221;&#8221;]<div  id=\"sc_action_1667517746\" \n\tclass=\"sc_action color_style_default scheme_dark sc_action_default\"><div class=\"sc_action_content sc_item_content\"><div class=\"sc_action_item sc_action_item_default sc_action_item_mc\">\n\t\t\t<h6 class=\"sc_action_item_subtitle\"><span>TODA LA INFORMACI\u00d3N PARA ABRIR TU HELADER\u00cdA<\/span><\/h6><h3 class=\"sc_action_item_title\"><span>ABRE TU HELADER\u00cdA<\/span><\/h3><div class=\"sc_action_item_description\"><span>Consulta la secci\u00f3n 'Abre tu Helader\u00eda' para<br>saber todo lo que necesitas para abrir tu propia helader\u00eda<br>por mucho menos de lo que piensas.<\/span><\/div><a href=\"http:\/\/centroheladero.es\/?page_id=1626\" class=\"sc_action_item_link sc_button sc_button_size_medium\">M\u00c1S INFORMACI\u00d3N<\/a><div class=\"sc_action_item_info\"><span>Nuevos<\/span><span><\/span><span>Equipos<\/span><\/div><\/div><\/div><\/div><!-- \/.sc_action -->[vc_empty_space height=&#8221;9vw&#8221; alter_height=&#8221;none&#8221; hide_on_desktop=&#8221;&#8221; hide_on_notebook=&#8221;&#8221; hide_on_tablet=&#8221;&#8221; hide_on_mobile=&#8221;&#8221;][\/vc_column][\/vc_row][vc_row][vc_column icons_position=&#8221;left&#8221;][vc_column_text]&nbsp;<\/p>\n<p>&nbsp;<\/p>\n<p>&nbsp;[\/vc_column_text][\/vc_column][\/vc_row][vc_row][vc_column icons_position=&#8221;left&#8221;]\n\t\t\t<!-- START Slider 9 REVOLUTION SLIDER 6.5.14 --><p class=\"rs-p-wp-fix\"><\/p>\n\t\t\t<rs-module-wrap id=\"rev_slider_14_1_wrapper\" data-source=\"gallery\" style=\"visibility:hidden;background:transparent;padding:0;margin:0px auto;margin-top:0;margin-bottom:0;\">\n\t\t\t\t<rs-module id=\"rev_slider_14_1\" style=\"\" data-version=\"6.5.14\">\n\t\t\t\t\t<rs-slides>\n\t\t\t\t\t\t<rs-slide style=\"position: absolute;\" data-key=\"rs-30\" data-title=\"Slide\" data-in=\"o:0;\" data-out=\"a:false;\">\n\t\t\t\t\t\t\t<img decoding=\"async\" src=\"\/\/centroheladero.es\/wp-content\/plugins\/revslider\/public\/assets\/assets\/dummy.png\" alt=\"Slide\" title=\"P\u00e1gina Principal\" class=\"rev-slidebg tp-rs-img rs-lazyload\" data-lazyload=\"\/\/centroheladero.es\/wp-content\/plugins\/revslider\/public\/assets\/assets\/transparent.png\" data-no-retina>\n<!--\n\t\t\t\t\t\t\t--><rs-layer\n\t\t\t\t\t\t\t\tid=\"slider-14-slide-30-layer-1\" \n\t\t\t\t\t\t\t\tclass=\"rs-layer-video intrinsic-ignore\"\n\t\t\t\t\t\t\t\tdata-type=\"video\"\n\t\t\t\t\t\t\t\tdata-rsp_ch=\"on\"\n\t\t\t\t\t\t\t\tdata-xy=\"x:37px;y:25px;\"\n\t\t\t\t\t\t\t\tdata-text=\"w:normal;\"\n\t\t\t\t\t\t\t\tdata-dim=\"w:1920px;h:1080px;\"\n\t\t\t\t\t\t\t\tdata-video=\"vfc:true;vd:100;l:false;ptimer:false;\"\n\t\t\t\t\t\t\t\tdata-poster=\"\/\/centroheladero.es\/wp-content\/uploads\/revslider\/video-media\/redes-2_30_layer.jpeg\"\n\t\t\t\t\t\t\t\tdata-mp4=\"\/\/centroheladero.es\/wp-content\/uploads\/2023\/12\/redes-2.mp4\"\n\t\t\t\t\t\t\t\tdata-frame_999=\"o:0;st:w;\"\n\t\t\t\t\t\t\t\tstyle=\"z-index:5;\"\n\t\t\t\t\t\t\t>\n\t\t\t\t\t\t\t<\/rs-layer><!--\n-->\t\t\t\t\t\t<\/rs-slide>\n\t\t\t\t\t<\/rs-slides>\n\t\t\t\t<\/rs-module>\n\t\t\t\t<script>\n\t\t\t\t\tsetREVStartSize({c: 'rev_slider_14_1',rl:[1240,1024,778,480],el:[1200],gw:[2000],gh:[1200],type:'standard',justify:'',layout:'fullwidth',mh:\"0\"});if (window.RS_MODULES!==undefined && window.RS_MODULES.modules!==undefined && window.RS_MODULES.modules[\"revslider141\"]!==undefined) {window.RS_MODULES.modules[\"revslider141\"].once = false;window.revapi14 = undefined;if (window.RS_MODULES.checkMinimal!==undefined) window.RS_MODULES.checkMinimal()}\n\t\t\t\t<\/script>\n\t\t\t<\/rs-module-wrap>\n\t\t\t<!-- END REVOLUTION SLIDER -->\n[\/vc_column][\/vc_row][vc_row full_width=&#8221;stretch_row_content&#8221; css=&#8221;.vc_custom_1643705384349{margin-top: 30px !important;}&#8221;][vc_column icons_position=&#8221;left&#8221;]<div id=\"sc_title_1225905052\"\n\t\tclass=\"sc_title color_style_default sc_title_default\"><h2 class=\"sc_item_title sc_title_title sc_align_center sc_item_title_style_default\">Nuestras Marcas<\/h2><h6 class=\"sc_item_subtitle sc_title_subtitle sc_align_center sc_item_title_style_default\">Las mejores marcas nos avalan<\/h6><\/div><!-- \/.sc_title -->[vc_wp_text]<div class=\"lgx_logo_slider_app_wrapper lgx-logo-slider-wp\"><div class=\"lgx-logo-wrapper  nav-position-b-center hover-default\"><div class=\"owl-carousel lgx-logo-carousel\" data-autoplaytimeout=\"2000\" data-autoplayspeed=\"1000\" data-margin=\"10\" data-loop=\"true\" data-autoplay=\"true\" data-autoplayhoverpause=\"false\" data-dots=\"true\" data-itemlarge=\"5\" data-itemdesk=\"4\" data-itemtablet=\"3\" data-itemmobile=\"2\" data-navlarge=\"true\" data-navdesk=\"true\" data-navtablet=\"true\" data-navmobile=\"true\"><div class=\"item lgx-log-item\"><div class=\"lgx-logo-item\"><img decoding=\"async\" class=\"lgx-logo-img skip-lazy\" src=\"https:\/\/centroheladero.es\/wp-content\/uploads\/2022\/01\/V-AIR.jpg\" style=\"max-width: 350px;max-height: 350px\" alt=\"\" title=\"Company\" \/><\/div><\/div><div class=\"item lgx-log-item\"><div class=\"lgx-logo-item\"><img decoding=\"async\" class=\"lgx-logo-img skip-lazy\" src=\"https:\/\/centroheladero.es\/wp-content\/uploads\/2022\/01\/sergel.png\" style=\"max-width: 350px;max-height: 350px\" alt=\"\" title=\"Company\" \/><\/div><\/div><div class=\"item lgx-log-item\"><div class=\"lgx-logo-item\"><img decoding=\"async\" class=\"lgx-logo-img skip-lazy\" src=\"https:\/\/centroheladero.es\/wp-content\/uploads\/2022\/01\/rogelfrut.png\" style=\"max-width: 350px;max-height: 350px\" alt=\"\" title=\"Company\" \/><\/div><\/div><div class=\"item lgx-log-item\"><div class=\"lgx-logo-item\"><img decoding=\"async\" class=\"lgx-logo-img skip-lazy\" src=\"https:\/\/centroheladero.es\/wp-content\/uploads\/2022\/01\/progelcone-660x330-1.png\" style=\"max-width: 350px;max-height: 350px\" alt=\"\" title=\"Company\" \/><\/div><\/div><div class=\"item lgx-log-item\"><div class=\"lgx-logo-item\"><img decoding=\"async\" class=\"lgx-logo-img skip-lazy\" src=\"https:\/\/centroheladero.es\/wp-content\/uploads\/2022\/01\/professional_logo.png\" style=\"max-width: 350px;max-height: 350px\" alt=\"\" title=\"Company\" \/><\/div><\/div><div class=\"item lgx-log-item\"><div class=\"lgx-logo-item\"><img decoding=\"async\" class=\"lgx-logo-img skip-lazy\" src=\"https:\/\/centroheladero.es\/wp-content\/uploads\/2022\/01\/POLISUR.png\" style=\"max-width: 350px;max-height: 350px\" alt=\"\" title=\"Company\" \/><\/div><\/div><div class=\"item lgx-log-item\"><div class=\"lgx-logo-item\"><img decoding=\"async\" class=\"lgx-logo-img skip-lazy\" src=\"https:\/\/centroheladero.es\/wp-content\/uploads\/2022\/01\/NUOVAGEL.png\" style=\"max-width: 350px;max-height: 350px\" alt=\"\" title=\"Company\" \/><\/div><\/div><div class=\"item lgx-log-item\"><div class=\"lgx-logo-item\"><img decoding=\"async\" class=\"lgx-logo-img skip-lazy\" src=\"https:\/\/centroheladero.es\/wp-content\/uploads\/2022\/01\/NORTE-EUROCAO.jpg\" style=\"max-width: 350px;max-height: 350px\" alt=\"\" title=\"Company\" \/><\/div><\/div><div class=\"item lgx-log-item\"><div class=\"lgx-logo-item\"><img decoding=\"async\" class=\"lgx-logo-img skip-lazy\" src=\"https:\/\/centroheladero.es\/wp-content\/uploads\/2022\/01\/Nestle_Chocolove.png\" style=\"max-width: 350px;max-height: 350px\" alt=\"\" title=\"Company\" \/><\/div><\/div><div class=\"item lgx-log-item\"><div class=\"lgx-logo-item\"><img decoding=\"async\" class=\"lgx-logo-img skip-lazy\" src=\"https:\/\/centroheladero.es\/wp-content\/uploads\/2022\/01\/nature-fruits.png\" style=\"max-width: 350px;max-height: 350px\" alt=\"\" title=\"Company\" \/><\/div><\/div><div class=\"item lgx-log-item\"><div class=\"lgx-logo-item\"><img decoding=\"async\" class=\"lgx-logo-img skip-lazy\" src=\"https:\/\/centroheladero.es\/wp-content\/uploads\/2022\/01\/N-306-esImgImage_4.png\" style=\"max-width: 350px;max-height: 350px\" alt=\"\" title=\"Company\" \/><\/div><\/div><div class=\"item lgx-log-item\"><div class=\"lgx-logo-item\"><img decoding=\"async\" class=\"lgx-logo-img skip-lazy\" src=\"https:\/\/centroheladero.es\/wp-content\/uploads\/2022\/01\/LOMI.png\" style=\"max-width: 350px;max-height: 350px\" alt=\"\" title=\"Company\" \/><\/div><\/div><div class=\"item lgx-log-item\"><div class=\"lgx-logo-item\"><img decoding=\"async\" class=\"lgx-logo-img skip-lazy\" src=\"https:\/\/centroheladero.es\/wp-content\/uploads\/2022\/01\/logo-sammic-grande.jpg\" style=\"max-width: 350px;max-height: 350px\" alt=\"\" title=\"Company\" \/><\/div><\/div><div class=\"item lgx-log-item\"><div class=\"lgx-logo-item\"><img decoding=\"async\" class=\"lgx-logo-img skip-lazy\" src=\"https:\/\/centroheladero.es\/wp-content\/uploads\/2022\/01\/Logo-Mr-Tango-dorado-1000-768x539-1.png\" style=\"max-width: 350px;max-height: 350px\" alt=\"\" title=\"Company\" \/><\/div><\/div><div class=\"item lgx-log-item\"><div class=\"lgx-logo-item\"><img decoding=\"async\" class=\"lgx-logo-img skip-lazy\" src=\"https:\/\/centroheladero.es\/wp-content\/uploads\/2022\/01\/logo-maestro.png\" style=\"max-width: 350px;max-height: 350px\" alt=\"\" title=\"Company\" \/><\/div><\/div><div class=\"item lgx-log-item\"><div class=\"lgx-logo-item\"><img decoding=\"async\" class=\"lgx-logo-img skip-lazy\" src=\"https:\/\/centroheladero.es\/wp-content\/uploads\/2022\/01\/INFRICO.png\" style=\"max-width: 350px;max-height: 350px\" alt=\"\" title=\"Company\" \/><\/div><\/div><div class=\"item lgx-log-item\"><div class=\"lgx-logo-item\"><img decoding=\"async\" class=\"lgx-logo-img skip-lazy\" src=\"https:\/\/centroheladero.es\/wp-content\/uploads\/2022\/01\/ICETECH-1.png\" style=\"max-width: 350px;max-height: 350px\" alt=\"\" title=\"Company\" \/><\/div><\/div><div class=\"item lgx-log-item\"><div class=\"lgx-logo-item\"><img decoding=\"async\" class=\"lgx-logo-img skip-lazy\" src=\"https:\/\/centroheladero.es\/wp-content\/uploads\/2022\/01\/copy-valls.jpg\" style=\"max-width: 350px;max-height: 350px\" alt=\"\" title=\"Company\" \/><\/div><\/div><div class=\"item lgx-log-item\"><div class=\"lgx-logo-item\"><img decoding=\"async\" class=\"lgx-logo-img skip-lazy\" src=\"https:\/\/centroheladero.es\/wp-content\/uploads\/2022\/01\/BRXItalia.jpg\" style=\"max-width: 350px;max-height: 350px\" alt=\"\" title=\"Company\" \/><\/div><\/div><div class=\"item lgx-log-item\"><div class=\"lgx-logo-item\"><img decoding=\"async\" class=\"lgx-logo-img skip-lazy\" src=\"https:\/\/centroheladero.es\/wp-content\/uploads\/2022\/01\/BJV.jpg\" style=\"max-width: 350px;max-height: 350px\" alt=\"\" title=\"Company\" \/><\/div><\/div><div class=\"item lgx-log-item\"><div class=\"lgx-logo-item\"><img decoding=\"async\" class=\"lgx-logo-img skip-lazy\" src=\"https:\/\/centroheladero.es\/wp-content\/uploads\/2022\/01\/cartoprint-1.png\" style=\"max-width: 350px;max-height: 350px\" alt=\"\" title=\"CARTOPRINT\" \/><\/div><\/div><div class=\"item lgx-log-item\"><div class=\"lgx-logo-item\"><img decoding=\"async\" class=\"lgx-logo-img skip-lazy\" src=\"https:\/\/centroheladero.es\/wp-content\/uploads\/2022\/01\/FRIGOGELO.png\" style=\"max-width: 350px;max-height: 350px\" alt=\"\" title=\"FRIGO GELO\" \/><\/div><\/div><div class=\"item lgx-log-item\"><div class=\"lgx-logo-item\"><img decoding=\"async\" class=\"lgx-logo-img skip-lazy\" src=\"https:\/\/centroheladero.es\/wp-content\/uploads\/2022\/01\/friulinox-1.png\" style=\"max-width: 350px;max-height: 350px\" alt=\"\" title=\"FRIULINOX\" \/><\/div><\/div><div class=\"item lgx-log-item\"><div class=\"lgx-logo-item\"><img decoding=\"async\" class=\"lgx-logo-img skip-lazy\" src=\"https:\/\/centroheladero.es\/wp-content\/uploads\/2022\/01\/logo-leagel-2023.png\" style=\"max-width: 350px;max-height: 350px\" alt=\"\" title=\"LEAGEL\" \/><\/div><\/div><div class=\"item lgx-log-item\"><div class=\"lgx-logo-item\"><img decoding=\"async\" class=\"lgx-logo-img skip-lazy\" src=\"https:\/\/centroheladero.es\/wp-content\/uploads\/2022\/01\/LogoOnzaTurrHelados.png\" style=\"max-width: 350px;max-height: 350px\" alt=\"\" title=\"ONZA DE ORO\" \/><\/div><\/div><div class=\"item lgx-log-item\"><div class=\"lgx-logo-item\"><img decoding=\"async\" class=\"lgx-logo-img skip-lazy\" src=\"https:\/\/centroheladero.es\/wp-content\/uploads\/2022\/01\/isa-1.png\" style=\"max-width: 350px;max-height: 350px\" alt=\"\" title=\"ISA\" \/><\/div><\/div><div class=\"item lgx-log-item\"><div class=\"lgx-logo-item\"><img decoding=\"async\" class=\"lgx-logo-img skip-lazy\" src=\"https:\/\/centroheladero.es\/wp-content\/uploads\/2022\/01\/sencotel-1.png\" style=\"max-width: 350px;max-height: 350px\" alt=\"\" title=\"Sencotel\" \/><\/div><\/div><div class=\"item lgx-log-item\"><div class=\"lgx-logo-item\"><img decoding=\"async\" class=\"lgx-logo-img skip-lazy\" src=\"https:\/\/centroheladero.es\/wp-content\/uploads\/2022\/01\/surivan-1.png\" style=\"max-width: 350px;max-height: 350px\" alt=\"\" title=\"Surivan\" \/><\/div><\/div><\/div><\/div><\/div>[\/vc_wp_text][\/vc_column][\/vc_row]<\/p>\n","protected":false},"excerpt":{"rendered":"<p>[vc_row hide_bg_image_on_tablet=&#8221;&#8221; hide_bg_image_on_mobile=&#8221;&#8221; shape_divider_top_front=&#8221;&#8221; shape_divider_bottom_front=&#8221;&#8221; row_delimiter=&#8221;&#8221; hide_on_desktop=&#8221;&#8221; hide_on_notebook=&#8221;&#8221; hide_on_tablet=&#8221;&#8221; hide_on_mobile=&#8221;&#8221; hide_on_frontpage=&#8221;&#8221;][vc_column icons_position=&#8221;left&#8221;][rev_slider_vc alias=&#8221;slider-2-1&#8243;][\/vc_column][\/vc_row][vc_row full_width=&#8221;stretch_row_content_no_spaces&#8221; content_placement=&#8221;middle&#8221;][vc_column width=&#8221;1\/2&#8243; icons_position=&#8221;left&#8221; css=&#8221;.vc_custom_1643624824232{background-color: #edd0d0 !important;}&#8221;][vc_custom_heading text=&#8221;Novedades&#8221; font_container=&#8221;tag:h4|font_size:50|text_align:center&#8221; google_fonts=&#8221;font_family:Marko%20One%3Aregular|font_style:400%20regular%3A400%3Anormal&#8221; css_animation=&#8221;fadeInUp&#8221; link=&#8221;url:http%3A%2F%2Fcentroheladero.es%2F%3Fpage_id%3D1826|title:Home%20(Boxed)&#8221;][\/vc_column][vc_column width=&#8221;1\/2&#8243; icons_position=&#8221;left&#8221;][vc_custom_heading text=&#8221;Recetas&#8221; font_container=&#8221;tag:h4|font_size:50|text_align:center&#8221; google_fonts=&#8221;font_family:Marko%20One%3Aregular|font_style:400%20regular%3A400%3Anormal&#8221; css_animation=&#8221;fadeInRight&#8221; link=&#8221;url:http%3A%2F%2Fcentroheladero.es%2F%3Fpage_id%3D1586|title:Home%20(Boxed)&#8221; css=&#8221;.vc_custom_1703094814884{background-color: #ffffff !important;}&#8221;][\/vc_column][\/vc_row][vc_row full_width=&#8221;stretch_row&#8221; hide_bg_image_on_tablet=&#8221;&#8221; hide_bg_image_on_mobile=&#8221;&#8221; css=&#8221;.vc_custom_1527241160033{padding-bottom: 1.3vw !important;background-color: #efeeea !important;}&#8221;][vc_column icons_position=&#8221;left&#8221;][vc_empty_space height=&#8221;5.8vw&#8221; alter_height=&#8221;none&#8221; hide_on_desktop=&#8221;&#8221; hide_on_notebook=&#8221;&#8221; hide_on_tablet=&#8221;&#8221; hide_on_mobile=&#8221;&#8221;][\/vc_column][\/vc_row][vc_row full_width=&#8221;stretch_row&#8221; hide_bg_image_on_tablet=&#8221;&#8221; hide_bg_image_on_mobile=&#8221;&#8221; css=&#8221;.vc_custom_1528813149528{margin-top: -1px !important;background-image: url(https:\/\/centroheladero.es\/wp-content\/uploads\/2018\/05\/bg-bend.png?id=664) !important;background-position: bottom center&hellip;<\/p>\n","protected":false},"author":1,"featured_media":0,"parent":0,"menu_order":0,"comment_status":"closed","ping_status":"closed","template":"","meta":{"advanced_seo_description":"","jetpack_seo_html_title":"","jetpack_seo_noindex":false,"_joinchat":[],"footnotes":""},"class_list":["post-511","page","type-page","status-publish","hentry"],"jetpack_sharing_enabled":true,"_links":{"self":[{"href":"https:\/\/centroheladero.es\/index.php?rest_route=\/wp\/v2\/pages\/511","targetHints":{"allow":["GET"]}}],"collection":[{"href":"https:\/\/centroheladero.es\/index.php?rest_route=\/wp\/v2\/pages"}],"about":[{"href":"https:\/\/centroheladero.es\/index.php?rest_route=\/wp\/v2\/types\/page"}],"author":[{"embeddable":true,"href":"https:\/\/centroheladero.es\/index.php?rest_route=\/wp\/v2\/users\/1"}],"replies":[{"embeddable":true,"href":"https:\/\/centroheladero.es\/index.php?rest_route=%2Fwp%2Fv2%2Fcomments&post=511"}],"version-history":[{"count":90,"href":"https:\/\/centroheladero.es\/index.php?rest_route=\/wp\/v2\/pages\/511\/revisions"}],"predecessor-version":[{"id":2667,"href":"https:\/\/centroheladero.es\/index.php?rest_route=\/wp\/v2\/pages\/511\/revisions\/2667"}],"wp:attachment":[{"href":"https:\/\/centroheladero.es\/index.php?rest_route=%2Fwp%2Fv2%2Fmedia&parent=511"}],"curies":[{"name":"wp","href":"https:\/\/api.w.org\/{rel}","templated":true}]}}